{"version":"1.0","provider_name":"Balero Creativo","provider_url":"https:\/\/balerocreativo.com\/en","author_name":"danielarbgn","author_url":"https:\/\/balerocreativo.com\/en\/author\/danielarbgn\/","title":"Fotograf\u00eda y video - Balero Creativo","type":"rich","width":600,"height":338,"html":"<blockquote class=\"wp-embedded-content\" data-secret=\"7OVaqkYhrM\"><a href=\"https:\/\/balerocreativo.com\/en\/fotografia-y-video\/\">Photo and video<\/a><\/blockquote><iframe sandbox=\"allow-scripts\" security=\"restricted\" src=\"https:\/\/balerocreativo.com\/en\/fotografia-y-video\/embed\/#?secret=7OVaqkYhrM\" width=\"600\" height=\"338\" title=\"&#8220;Fotograf\u00eda y video&#8221; &#8212; Balero Creativo\" data-secret=\"7OVaqkYhrM\" frameborder=\"0\" marginwidth=\"0\" marginheight=\"0\" scrolling=\"no\" class=\"wp-embedded-content\"><\/iframe><script>\n\/*! This file is auto-generated *\/\n!function(d,l){\"use strict\";l.querySelector&&d.addEventListener&&\"undefined\"!=typeof URL&&(d.wp=d.wp||{},d.wp.receiveEmbedMessage||(d.wp.receiveEmbedMessage=function(e){var t=e.data;if((t||t.secret||t.message||t.value)&&!\/[^a-zA-Z0-9]\/.test(t.secret)){for(var s,r,n,a=l.querySelectorAll('iframe[data-secret=\"'+t.secret+'\"]'),o=l.querySelectorAll('blockquote[data-secret=\"'+t.secret+'\"]'),c=new RegExp(\"^https?:$\",\"i\"),i=0;i<o.length;i++)o[i].style.display=\"none\";for(i=0;i<a.length;i++)s=a[i],e.source===s.contentWindow&&(s.removeAttribute(\"style\"),\"height\"===t.message?(1e3<(r=parseInt(t.value,10))?r=1e3:~~r<200&&(r=200),s.height=r):\"link\"===t.message&&(r=new URL(s.getAttribute(\"src\")),n=new URL(t.value),c.test(n.protocol))&&n.host===r.host&&l.activeElement===s&&(d.top.location.href=t.value))}},d.addEventListener(\"message\",d.wp.receiveEmbedMessage,!1),l.addEventListener(\"DOMContentLoaded\",function(){for(var e,t,s=l.querySelectorAll(\"iframe.wp-embedded-content\"),r=0;r<s.length;r++)(t=(e=s[r]).getAttribute(\"data-secret\"))||(t=Math.random().toString(36).substring(2,12),e.src+=\"#?secret=\"+t,e.setAttribute(\"data-secret\",t)),e.contentWindow.postMessage({message:\"ready\",secret:t},\"*\")},!1)))}(window,document);\n\/\/# sourceURL=https:\/\/balerocreativo.com\/wp-includes\/js\/wp-embed.min.js\n<\/script>","description":"NUESTROS SERVICIOS Fotograf\u00eda y video Im\u00e1genes que dicen m\u00e1s que mil palabras. Y tu marca merece comunicar visualmente de la mejor manera. Una producci\u00f3n fotogr\u00e1fica profesional lograr\u00e1 mejorar el impacto de tu negocio. Fotograf\u00eda Porque tu marca merece lo mejor, unas im\u00e1genes espectaculares de tus productos no se comparan a las fotos que circulan por internet. Preproducci\u00f3n, producci\u00f3n y edici\u00f3n, todo lo que necesitas para generar impacto visual. Desde fotograf\u00edas de producto, fotograf\u00eda institucional y de locaciones, sesiones que se adaptan a tu producto o servicio y comunican eficientemente a tu p\u00fablico. Video Un video capta la atenci\u00f3n, un video habla en poco tiempo de tu marca de forma din\u00e1mica. Te brindamos grabaci\u00f3n en HD, uso de drones y un estudio de grabaci\u00f3n equipado para una mayor calidad de audio. Promocionales o videos institucionales, \u00bfqu\u00e9 es lo que quieres comunicar? Hazlo de forma creativa, con el mejor mensaje. Beneficios de la fotograf\u00eda y video \ud83d\uddf8 Ofrece una imagen m\u00e1s profesional a tu negocio \ud83d\uddf8 Muestra mejor tus productos \ud83d\uddf8 Aumenta la probabilidad de compartir \ud83d\uddf8 Inspiras m\u00e1s confianza \ud83d\uddf8 Impactas de mucho mejor manera Conoce nuestro proceso, \u00bfC\u00f3mo hacemos tu producci\u00f3n de fotograf\u00eda y video? 1. Planificaci\u00f3n En esta primera etapa establecemos todos los recursos que se utilizar\u00e1n. Ya que es diferente realizar una sesi\u00f3n fotogr\u00e1fica de producto a hacer un video institucional que requiere vuelo de dron. 2. Producci\u00f3n Es hora de pasar a la acci\u00f3n, realizar la sesi\u00f3n de fotos o las grabaciones planeadas. Es la parte m\u00e1s divertida del proceso y que se disfruta m\u00e1s. 3. Post-producci\u00f3n La \u00faltima fase. Se eligen las tomas m\u00e1s adecuadas que se han realizado y se comienza con la edici\u00f3n de fotograf\u00eda o video. Correcciones de color, retoques est\u00e9ticos, cortes de video y correcci\u00f3n de audio para que se vea perfecto. \u00c9chale un ojo a nuestros proyectos Ver todos \u00c9chale un ojo a nuestros proyectos Venttur Proycele Torre Agave Cit\u00e1 Live In Gavana Techos Gudoma Deconovo Recubrimientos Maletazzo AE Capital Humano Ukari Artesan\u00edas Ver todos","thumbnail_url":"https:\/\/balerocreativo.com\/wp-content\/uploads\/2024\/02\/012.png"}

Fotografía y video - Balero Creativo

<blockquote class="wp-embedded-content" data-secret="7OVaqkYhrM"><a href="https://balerocreativo.com/en/fotografia-y-video/">Photo and video</a></blockquote><iframe sandbox="allow-scripts" security="restricted" src="https://balerocreativo.com/en/fotografia-y-video/embed/#?secret=7OVaqkYhrM" width="600" height="338" title="&#8220;Fotografía y video&#8221; &#8212; Balero Creativo" data-secret="7OVaqkYhrM" frameborder="0" marginwidth="0" marginheight="0" scrolling="no" class="wp-embedded-content"></iframe><script>
/*! This file is auto-generated */
!function(d,l){"use strict";l.querySelector&&d.addEventListener&&"undefined"!=typeof URL&&(d.wp=d.wp||{},d.wp.receiveEmbedMessage||(d.wp.receiveEmbedMessage=function(e){var t=e.data;if((t||t.secret||t.message||t.value)&&!/[^a-zA-Z0-9]/.test(t.secret)){for(var s,r,n,a=l.querySelectorAll('iframe[data-secret="'+t.secret+'"]'),o=l.querySelectorAll('blockquote[data-secret="'+t.secret+'"]'),c=new RegExp("^https?:$","i"),i=0;i<o.length;i++)o[i].style.display="none";for(i=0;i<a.length;i++)s=a[i],e.source===s.contentWindow&&(s.removeAttribute("style"),"height"===t.message?(1e3<(r=parseInt(t.value,10))?r=1e3:~~r<200&&(r=200),s.height=r):"link"===t.message&&(r=new URL(s.getAttribute("src")),n=new URL(t.value),c.test(n.protocol))&&n.host===r.host&&l.activeElement===s&&(d.top.location.href=t.value))}},d.addEventListener("message",d.wp.receiveEmbedMessage,!1),l.addEventListener("DOMContentLoaded",function(){for(var e,t,s=l.querySelectorAll("iframe.wp-embedded-content"),r=0;r<s.length;r++)(t=(e=s[r]).getAttribute("data-secret"))||(t=Math.random().toString(36).substring(2,12),e.src+="#?secret="+t,e.setAttribute("data-secret",t)),e.contentWindow.postMessage({message:"ready",secret:t},"*")},!1)))}(window,document);
//# sourceURL=https://balerocreativo.com/wp-includes/js/wp-embed.min.js
</script>

NUESTROS SERVICIOS Fotografía y video Imágenes que dicen más que mil palabras. Y tu marca merece comunicar visualmente de la mejor manera. Una producción fotográfica profesional logrará mejorar el impacto de tu negocio. Fotografía Porque tu marca merece lo mejor, unas imágenes espectaculares de tus productos no se comparan a las fotos que circulan por internet. Preproducción, producción y edición, todo lo que necesitas para generar impacto visual. Desde fotografías de producto, fotografía institucional y de locaciones, sesiones que se adaptan a tu producto o servicio y comunican eficientemente a tu público. Video Un video capta la atención, un video habla en poco tiempo de tu marca de forma dinámica. Te brindamos grabación en HD, uso de drones y un estudio de grabación equipado para una mayor calidad de audio. Promocionales o videos institucionales, ¿qué es lo que quieres comunicar? Hazlo de forma creativa, con el mejor mensaje. Beneficios de la fotografía y video 🗸 Ofrece una imagen más profesional a tu negocio 🗸 Muestra mejor tus productos 🗸 Aumenta la probabilidad de compartir 🗸 Inspiras más confianza 🗸 Impactas de mucho mejor manera Conoce nuestro proceso, ¿Cómo hacemos tu producción de fotografía y video? 1. Planificación En esta primera etapa establecemos todos los recursos que se utilizarán. Ya que es diferente realizar una sesión fotográfica de producto a hacer un video institucional que requiere vuelo de dron. 2. Producción Es hora de pasar a la acción, realizar la sesión de fotos o las grabaciones planeadas. Es la parte más divertida del proceso y que se disfruta más. 3. Post-producción La última fase. Se eligen las tomas más adecuadas que se han realizado y se comienza con la edición de fotografía o video. Correcciones de color, retoques estéticos, cortes de video y corrección de audio para que se vea perfecto. Échale un ojo a nuestros proyectos Ver todos Échale un ojo a nuestros proyectos Venttur Proycele Torre Agave Citá Live In Gavana Techos Gudoma Deconovo Recubrimientos Maletazzo AE Capital Humano Ukari Artesanías Ver todos
